*c - 24 = 2*d - n*d. List the prime factors of d.
3
Let h be -27 - (3 + -3) - 1. Let i = -9 - h. List the prime factors of i.
19
Let c = 5 - 9. Let x(i) = -2*i - 177 + 89 + 92. What are the prime factors of x(c)?
2, 3
Suppose 8*k = -5*g + 3*k + 470, 5*k = -4*g + 379. Suppose 3*s - g = -37. List the prime factors of s.
2, 3
Let d = 6 - -5. Let s = d - 2. What are the prime factors of s?
3
Let u = 23 + -23. Suppose 0 = -2*s - 3*c + c + 16, s + 3*c - 16 = u. What are the prime factors of s?
2
Suppose 0*k - 4*j + 65 = 5*k, -5*k - j + 50 = 0. Suppose -w + k = 2*w. Suppose w*q - 9 = -3*a, 0 = 2*a - 3*q - 26. What are the prime factors of a?
7
Let r be 10/(-4)*(-6)/5. Let d be 4*1/(2/1). Suppose -d*i = -4*s + 4 + 2, 0 = r*s + 3*i - 18. What are the prime factors of s?
3
Let g(u) = 3*u**2 - 2*u - 3. Let d be 1/5 - 56/(-20). What are the prime factors of g(d)?
2, 3
Let f(n) = 8 - 7 - n + 10. Let o be (-1 - 6)*(-8 + 7). What are the prime factors of f(o)?
2
Let k be (-12)/(-2) + (-4 - -2). Suppose -3*c - 4*f - k = 0, -2*c + 3 = -c - 3*f. Suppose c = -5*d + 25 - 5. List the prime factors of d.
2
Suppose 0 = -5*l + 4*s + 17, 6*s = 2*s + 8. Suppose -l*k = -k. Let g(i) = -i**3 + 10. What are the prime factors of g(k)?
2, 5
Let h be (2/(-6))/((-5)/30). Let z(g) = 3*g. List the prime factors of z(h).
2, 3
Let z = -322 + 499. What are the prime factors of z?
3, 59
Let j = 66 + -5. What are the prime factors of j?
61
Suppose -153 = -2*j + 5*i, 0 = -5*j + i - 6*i + 330. List the prime factors of j.
3, 23
Let z(h) = 13*h - 9. List the prime factors of z(4).
43
Suppose -k = -5*m - 39, -k + 1 = -3. Let u(g) = g**3 + 6*g**2 - 6*g. Let o be u(m). Let t = o + 11. List the prime factors of t.
2
Let w = 9 + -7. Suppose h - 1 = w. Suppose h*g - 7 = 23. What are the prime factors of g?
2, 5
Suppose 0*o = -2*o + 300. Suppose l - o = -4*l. List the prime factors of (l/9)/((-1)/(-3)).
2, 5
Suppose -q + 52 = q. Suppose 0 = 2*l - 0*l - q. What are the prime factors of l?
13
Let o(h) = 2*h - 3. Suppose 5 = -4*j - 7. Let d be 3/2*(-8)/j. What are the prime factors of o(d)?
5
Let t(c) = -c + 6. Let n be t(16). Let a = -3 + 3. What are the prime factors of n/(-1) - a/(-8)?
2, 5
Suppose -3*o = o. Suppose o = -5*c + 2*a - 4*a + 79, 77 = 5*c + a. List the prime factors of c.
3, 5
Suppose 0 = -2*r + 11 + 43. List the prime factors of r.
3
Let d = 30 - 17. Let x be d/5 - (-2)/5. List the prime factors of 2 + -1 - (1 - x).
3
Let a = 78 - 47. Let b = 51 - a. Suppose -3*r + 12 = 4*h, -2*h + b = -r + 6*r. List the prime factors of r.
2
Suppose 0*u - 6*u = -1098. List the prime factors of u.
3, 61
Let c be (-2)/8 + 90/8. Let o = -6 + c. Suppose 11 = 2*s - o*q, 2*s - s + q = 23. List the prime factors of s.
2, 3
List the prime factors of (-2 + -52 + 4)/(-1).
2, 5
Suppose y + 0 - 3 = 0. Let w = y + -2. List the prime factors of 8/2 + w/(-1).
3
Let f(c) = 23*c + 7. Let u be f(-5). What are the prime factors of 2/((16/u)/(-2))?
3
Let z(m) = 0*m - 3 + 0*m + m. Let c be z(5). List the prime factors of (-1)/(-2*c/28).
7
Let v(t) be the second derivative of -t**5/60 - t**4/4 + t**3/3 - t**2 - t. Let g(m) be the first derivative of v(m). List the prime factors of g(-5).
7
Let i(p) be the first derivative of p**5/60 + p**4/4 + p**3/6 + p**2 + 1. Let n(v) be the second derivative of i(v). List the prime factors of n(-7).
2
Let z(r) = -r**2 - 10*r - 6. Suppose 5*x + 37 = -3*p, -3*p + 0 = -4*x - 35. Let y be z(x). Suppose -2*c + y + 8 = 0. What are the prime factors of c?
3
Let k(d) = d**3 - 2*d**2 + 2*d - 3. Suppose -5*c + 12 = -r - 10, -4*r + 5*c = 13. List the prime factors of k(r).
2, 3
Suppose 4 = -3*r + 2*g, -r - 4*g + 27 = 5. Suppose v = -w + 11, 32 + 22 = 4*v + r*w. List the prime factors of v.
2
List the prime factors of (-1 + 55)*(-5)/(-10).
3
Suppose o - 4 = 2*o. Let x be (-1 - 14)*(-5 - o). Suppose 75 - x = 5*f. What are the prime factors of f?
2, 3
Let l = -3 - -3. Let m(n) = -9 + 2*n**3 - 3*n**3 + 6*n**2 + l + 10*n. What are the prime factors of m(7)?
2, 3
Let u be (-5)/(5/3) + 3. Let c be 1*-1*1 - -1. Suppose u = s - 4 - c. List the prime factors of s.
2
Let x be 4/3 + 3/(-9). Let z(j) be the third derivative of 7*j**5/60 - j**3/6 + 4*j**2. What are the prime factors of z(x)?
2, 3
Let s be 2 + 4*(-2 + 1). Let q(i) = -3 + 3 - 6*i - 2. What are the prime factors of q(s)?
2, 5
Let r = 0 - 1. What are the prime factors of (-18)/r + -2 + -1?
3, 5
Suppose r - 5*r = 0. Suppose r*w = -2*w + 4. Suppose 5*z - 5*u - 80 = 0, -2 = -z - 2*u + w. What are the prime factors of z?
2, 3
Let t = 206 - 142. List the prime factors of t.
2
Let b(v) = v**3 - v**2 - 2. Let s be b(2). Suppose -s*o = -o + 3*a - 20, 3*a + 96 = 3*o. What are the prime factors of o?
29
Let v(c) = -4 - 6 + 3 - 15*c - c**3 - 13*c**2. List the prime factors of v(-12).
29
Suppose 3*g = -g + 4. Suppose 4*b + 5*x - 3*x = 30, -3*x = 9. Suppose u = g + b. List the prime factors of u.
2, 5
Suppose -2*s + 62 = 2*y, 2*s - s - 2*y - 37 = 0. List the prime factors of s.
3, 11
Suppose -5*z = -2*k + k - 23, -3*k = 5*z - 11. List the prime factors of 20/((-2)/(-8)*z).
2, 5
Let g be 3/(2/20*6). Suppose -v + 0*v = -g. Suppose n - 49 = -v*i, 2*i - n = n + 22. What are the prime factors of i?
2, 5
Suppose 2*d - 758 = -4*h, 5*h = d - 0*d + 951. List the prime factors of h.
2, 5, 19
Let d = -18 - -26. List the prime factors of d.
2
Suppose 4*q - 52 = -n - n, -4*q = 4*n - 112. What are the prime factors of n?
2, 3, 5
Let j(f) = f**3 + 9*f**2 - 9*f + 10. Let g be j(-10). Suppose g = 3*l - 53 - 37. What are the prime factors of l?
2, 3, 5
Let g(p) = p**2 + 3*p + 3. What are the prime factors of g(-6)?
3, 7
Suppose 2*k = w + 5, 3*w - 4*w - 1 = -k. Let v(r) = -r**3 + 5*r**2 + 2*r + 3. List the prime factors of v(w).
3
Let t be 62 + 2/(4 + -2). Suppose 0 = 3*i - 4*q - 68 + 2, 3*i - 5*q = t. What are the prime factors of i?
2, 13
Let j(k) = k**2 + k - 1. Let l be j(1). What are the prime factors of 7 + (-2 - -2) - l?
2, 3
Let n be 2 - (2 + -1 + -1). Suppose 3*w = v + 2 + 17, -2*v - n = 0. What are the prime factors of w?
2, 3
Suppose -9*n + 48 + 6 = 0. Let g be -1 + 1 + -1 + 1. Suppose g = -3*h - 0*h + n. What are the prime factors of h?
2
Let v(k) = 8*k**2 - k + 7 + k**3 - 7*k + 6. Let z be v(-9). Suppose -z*c + 26 - 10 = 0. List the prime factors of c.
2
Let q(k) = k**2 + k + 8. Suppose 0 = 3*y - 2*y. Let r be q(y). Suppose r + 28 = 3*x. List the prime factors of x.
2, 3
Let h(a) = -a**3 + 8*a**2 - 8*a + 5. Let l = 14 - 9. List the prime factors of h(l).
2, 5
Let p(w) = 7*w + 22. List the prime factors of p(19).
5, 31
Let f = 114 - 81. What are the prime factors of f?
3, 11
Suppose -i + 1 = 5*n - 6, 0 = -5*i - 2*n + 150. What are the prime factors of i?
2
Let a(w) = -15*w + 9. What are the prime factors of a(-3)?
2, 3
Suppose 0 = -3*q - 4*b + 23, -5*q + 2*b = -q - 16. Let g be (-558)/(-30) - 3/q. List the prime factors of -1 - -2 - g/(-2).
2, 5
Let f = -14 + 77. List the prime factors of f.
3, 7
Let j(i) = -i**3 - 5*i**2 - 3*i + 2. Suppose -6 = -5*z - 31. What are the prime factors of j(z)?
17
Let z(u) = u - u**2 - 5 - 1 - 10*u. Suppose 0 = g + 1 + 6. What are the prime factors of z(g)?
2
Let c be 3/(-18) + (-139)/(-6). Suppose 0 = -4*k - 12, -2*k + c = -4*f - 67. Let q = -15 - f. List the prime factors of q.
3
Let l(i) = -5 - 2*i + 4 - 5 + 2. List the prime factors of l(-4).
2
Let x be 3 + 4 + (-247 - 0). List the prime factors of (1 + -2)/(16/x).
3, 5
Let m(l) = 4*l**2 + 2*l + 1. Let i be m(-1). Suppose 6*s = -2*q + 3*s + 17, 0 = i*q + s - 29. List the prime factors of q.
2, 5
Let w(s) = -2*s**2 - 7*s - 5. Let y(g) = -g. Let m(z) = -w(z) - y(z). List the prime factors of m(-6).
29
Suppose 0 = -y + 2*p - p + 84, 0 = -2*p - 10. List the prime factors of y.
79
Suppose 12 + 2 = -2*b. Let j be 1/4 - b/4. Suppose 3 + j = 5*g + 5*k, -4*g = -4*k - 28. What are the prime factors of g?
2
Suppose 21*d - 43 = 20*d. What are the prime factors of d?
43
Let n(s) = 3*s + 3. Let l = -3 - -6. What are the prime factors of n(l)?
2, 3
Let q(w) = -3*w**2 + 3*w - 8. Let a(s) = -2*s**2 + 2*s - 7. Let n(c) = 4*a(c) - 3*q(c). List the prime factors of n(-4).
2
Let r(a) = -a**3 + 4*a**2 - 2*a**2 + a - 3*a**3. Let g be r(-1). Suppose -4*h + 13 = 2*u - 3*u, 2*h - u = g. List the p